{"id":79,"date":"2014-12-23T15:38:51","date_gmt":"2014-12-23T14:38:51","guid":{"rendered":"http:\/\/annasosnowska.eu\/?page_id=79"},"modified":"2015-01-05T18:44:18","modified_gmt":"2015-01-05T17:44:18","slug":"najczesciej-zadawane-pytania","status":"publish","type":"page","link":"http:\/\/annasosnowska.eu\/?page_id=79","title":{"rendered":"Najcz\u0119\u015bciej zadawane pytania"},"content":{"rendered":"<h3>W jakim wieku rozpocz\u0105\u0107 leczenie ortodontyczne?<\/h3>\n<p>Aby rozpocz\u0105\u0107 leczenie aparatem zdejmowanym powinny by\u0107 wyrzni\u0119te z\u0119by sz\u00f3ste i sta\u0142e siekacze. Do aparatu sta\u0142ego potrzebne jest pe\u0142ne sta\u0142e uz\u0119bienie.<\/p>\n<h3>Jak nale\u017cy si\u0119 przygotowa\u0107 przed wizyt\u0105 u ortodonty?<\/h3>\n<p>Nale\u017cy wyleczy\u0107 z\u0119by zaatakowane pr\u00f3chnic\u0105.<\/p>\n<h3>Jak d\u0142ugo trwa przeci\u0119tne leczenie aparatem ortodontycznym?<\/h3>\n<p>W przypadku leczenia aparatem zdejmowanym leczenie powinno trwa\u0107 do momentu wyrzni\u0119cia si\u0119 z\u0119b\u00f3w si\u00f3dmych. W przypadku aparatu sta\u0142ego &#8211; oko\u0142o dw\u00f3ch lat.<\/p>\n<h3>Jak d\u0142ugo trwa zak\u0142adanie aparatu sta\u0142ego?<\/h3>\n<p>Oko\u0142o 45 minut.<\/p>\n<h3>Czy zak\u0142adanie aparatu boli?<\/h3>\n<p>Zak\u0142adanie aparatu sta\u0142ego nie boli. Potrzebna jest jedynie chwila skupienia zar\u00f3wno ze strony lekarza jak i pacjenta.<\/p>\n<h3>Jak dba\u0107 o higien\u0119 jamy ustnej podczas noszenia aparatu sta\u0142ego?<\/h3>\n<p>Przede wszystkim nale\u017cy my\u0107 z\u0119by minimum trzy razy dziennie (zalecane jest mycie po ka\u017cdym posi\u0142ku) u\u017cywaj\u0105c specjalistycznych szczoteczek. W przypadku szczoteczki elektrycznej potrzebna jest specjalna ko\u0144c\u00f3wka do aparatu sta\u0142ego. Wystarczaj\u0105ca jest r\u00f3wnie\u017c standardowa szczoteczka r\u0119czna o specjalnie wyprofilowanej g\u0142\u00f3wce. Nale\u017cy stosowa\u0107 r\u00f3wnie\u017c p\u0142yny do p\u0142ukania jamy ustnej.<\/p>\n<h3>Jak d\u0142ugo trwa wizyta kontrolna?<\/h3>\n<p>Od pi\u0119tnastu do trzydziestu minut.<\/p>\n<h3>Czy mo\u017cna leczy\u0107 stomatologicznie z\u0119by w trakcie leczenia aparatem sta\u0142ym?<\/h3>\n<p>Mo\u017cna. Nale\u017cy jedynie czasowo zdj\u0105\u0107 \u0142uk ortodontyczny.<\/p>\n<h3>Jakie s\u0105 ograniczenia pokarmowe w trakcie leczenia aparatem sta\u0142ym?<\/h3>\n<p>Nie nale\u017cy je\u015b\u0107 bardzo twardych lub kleistych pokarm\u00f3w (tzw. &#8222;gumowych bu\u0142ek&#8221;) oraz u\u017cywa\u0107 gumy do \u017cucia.<\/p>\n<h3>Co zrobi\u0107, gdy odklei\u0142 si\u0119 zamek lub pier\u015bcie\u0144?<\/h3>\n<p>Zg\u0142osi\u0107 si\u0119 do ortodonty<\/p>\n<h3>Co zrobi\u0107, gdy ura\u017ca zamek lub ko\u0144c\u00f3wka \u0142uku?<\/h3>\n<p>Lekarz ortodonta przeka\u017ce specjalny silikon, kt\u00f3ry mo\u017cna na\u0142o\u017cy\u0107 na dra\u017cni\u0105cy element aparatu.<\/p>\n<h3>Dlaczego krwawi\u0105 dzi\u0105s\u0142a podczas leczenia sta\u0142ym aparatem?<\/h3>\n<p>Aparat sta\u0142y nie uszkadza dzi\u0105se\u0142. Krwawi\u0105ce dzi\u0105s\u0142a s\u0105 zwi\u0105zane przede wszystkim z bardzo z\u0142ym stanem higieny jamy ustnej.<\/p>\n<h3>Jak szybko wida\u0107 pierwsze efekty leczenia?<\/h3>\n<p>Ju\u017c na pierwszej wizycie kontrolnej widziane s\u0105 pierwsze post\u0119py lecznicze<\/p>\n<h3>Jak cz\u0119sto nale\u017cy przychodzi\u0107 na wizyty kontrolne?<\/h3>\n<p>Przewa\u017cnie co sze\u015b\u0107 tygodni.<\/p>\n<h3>Czy osoby doros\u0142e r\u00f3wnie\u017c mog\u0105 by\u0107 leczone aparatem sta\u0142ym?<\/h3>\n<p>Osoby doros\u0142e r\u00f3wnie\u017c mog\u0105 by\u0107 leczone aparatem sta\u0142ym.<\/p>\n<h3>Jakie s\u0105 zalety zamk\u00f3w samoligaturuj\u0105cych (<a href=\"https:\/\/www.ormcoeurope.com\/en\/our-products\/damon-system\">Damon System<\/a>)?<\/h3>\n<p>Jest to system beztarciowy dzia\u0142aj\u0105cy niewielkimi si\u0142ami. Skraca si\u0119 czas leczenia.<\/p>\n<h3>Czy leczenie trzask\u00f3w i b\u00f3l\u00f3w w obr\u0119bie stawu skroniowo &#8211; \u017cuchwowego le\u017cy w gestii lekarza ortodonty?<\/h3>\n<p>Tak, przede wszystkim.<\/p>\n<h3>Czy istniej\u0105 aparaty o wysokich w\u0142a\u015bciwo\u015bciach estetycznych?<\/h3>\n<p>Tak, np. aparaty typu <a href=\"https:\/\/www.ormcoeurope.com\/en\/our-products\/inspire-ice\">Inspire<\/a><\/p>\n<h3>W jaki spos\u00f3b czy\u015bci\u0107 z\u0119by za pomoc\u0105 nici dentystycznej podczas noszenia aparatu sta\u0142ego?<\/h3>\n<p style=\"text-align:center;display:block;overflow:hidden;clear:left\">\n        <a href=\"http:\/\/www.youtube.com\/watch?v=2-f37ybRjD0?rel=0\" target=\"_blank\" alt=\"2-f37ybRjD0?rel=0\" class=\"youtube\">\n        <img src=\"http:\/\/img.youtube.com\/vi\/2-f37ybRjD0?rel=0\/0.jpg\" width=\"90%\" height=\"\" \/>\n        <\/a><\/p><script>loadYouTube();<\/script>\n<h3>W jaki spos\u00f3b my\u0107 z\u0119by podczas noszenia aparatu sta\u0142ego?<\/h3>\n<p><p style=\"text-align:center;display:block;overflow:hidden;clear:left\">\n        <a href=\"http:\/\/www.youtube.com\/watch?v=GUaCCBuaaA0?rel=0\" target=\"_blank\" alt=\"GUaCCBuaaA0?rel=0\" class=\"youtube\">\n        <img src=\"http:\/\/img.youtube.com\/vi\/GUaCCBuaaA0?rel=0\/0.jpg\" width=\"90%\" height=\"\" \/>\n        <\/a><\/p><script>loadYouTube();<\/script><br \/>\n&nbsp;<\/p>\n<p>&nbsp;<\/p>\n","protected":false},"excerpt":{"rendered":"<p>W jakim wieku rozpocz\u0105\u0107 leczenie ortodontyczne? Aby rozpocz\u0105\u0107 leczenie aparatem zdejmowanym powinny by\u0107 wyrzni\u0119te z\u0119by sz\u00f3ste i sta\u0142e siekacze. Do aparatu sta\u0142ego potrzebne jest pe\u0142ne sta\u0142e uz\u0119bienie. Jak nale\u017cy si\u0119 przygotowa\u0107 przed wizyt\u0105 u ortodonty? Nale\u017cy wyleczy\u0107 z\u0119by zaatakowane pr\u00f3chnic\u0105. Jak d\u0142ugo trwa przeci\u0119tne leczenie aparatem ortodontycznym? W przypadku leczenia aparatem zdejmowanym leczenie powinno trwa\u0107 [&hellip;]<\/p>\n","protected":false},"author":1,"featured_media":0,"parent":0,"menu_order":0,"comment_status":"closed","ping_status":"open","template":"","meta":[],"_links":{"self":[{"href":"http:\/\/annasosnowska.eu\/index.php?rest_route=\/wp\/v2\/pages\/79"}],"collection":[{"href":"http:\/\/annasosnowska.eu\/index.php?rest_route=\/wp\/v2\/pages"}],"about":[{"href":"http:\/\/annasosnowska.eu\/index.php?rest_route=\/wp\/v2\/types\/page"}],"author":[{"embeddable":true,"href":"http:\/\/annasosnowska.eu\/index.php?rest_route=\/wp\/v2\/users\/1"}],"replies":[{"embeddable":true,"href":"http:\/\/annasosnowska.eu\/index.php?rest_route=%2Fwp%2Fv2%2Fcomments&post=79"}],"version-history":[{"count":6,"href":"http:\/\/annasosnowska.eu\/index.php?rest_route=\/wp\/v2\/pages\/79\/revisions"}],"predecessor-version":[{"id":85,"href":"http:\/\/annasosnowska.eu\/index.php?rest_route=\/wp\/v2\/pages\/79\/revisions\/85"}],"wp:attachment":[{"href":"http:\/\/annasosnowska.eu\/index.php?rest_route=%2Fwp%2Fv2%2Fmedia&parent=79"}],"curies":[{"name":"wp","href":"https:\/\/api.w.org\/{rel}","templated":true}]}}

Najczęściej zadawane pytania

<h3>W jakim wieku rozpocząć leczenie ortodontyczne?</h3>
<p>Aby rozpocząć leczenie aparatem zdejmowanym powinny być wyrznięte zęby szóste i stałe siekacze. Do aparatu stałego potrzebne jest pełne stałe uzębienie.</p>
<h3>Jak należy się przygotować przed wizytą u ortodonty?</h3>
<p>Należy wyleczyć zęby zaatakowane próchnicą.</p>
<h3>Jak długo trwa przeciętne leczenie aparatem ortodontycznym?</h3>
<p>W przypadku leczenia aparatem zdejmowanym leczenie powinno trwać do momentu wyrznięcia się zębów siódmych. W przypadku aparatu stałego &#8211; około dwóch lat.</p>
<h3>Jak długo trwa zakładanie aparatu stałego?</h3>
<p>Około 45 minut.</p>
<h3>Czy zakładanie aparatu boli?</h3>
<p>Zakładanie aparatu stałego nie boli. Potrzebna jest jedynie chwila skupienia zarówno ze strony lekarza jak i pacjenta.</p>
<h3>Jak dbać o higienę jamy ustnej podczas noszenia aparatu stałego?</h3>
<p>Przede wszystkim należy myć zęby minimum trzy razy dziennie (zalecane jest mycie po każdym posiłku) używając specjalistycznych szczoteczek. W przypadku szczoteczki elektrycznej potrzebna jest specjalna końcówka do aparatu stałego. Wystarczająca jest również standardowa szczoteczka ręczna o specjalnie wyprofilowanej główce. Należy stosować również płyny do płukania jamy ustnej.</p>
<h3>Jak długo trwa wizyta kontrolna?</h3>
<p>Od piętnastu do trzydziestu minut.</p>
<h3>Czy można leczyć stomatologicznie zęby w trakcie leczenia aparatem stałym?</h3>
<p>Można. Należy jedynie czasowo zdjąć łuk ortodontyczny.</p>
<h3>Jakie są ograniczenia pokarmowe w trakcie leczenia aparatem stałym?</h3>
<p>Nie należy jeść bardzo twardych lub kleistych pokarmów (tzw. &#8222;gumowych bułek&#8221;) oraz używać gumy do żucia.</p>
<h3>Co zrobić, gdy odkleił się zamek lub pierścień?</h3>
<p>Zgłosić się do ortodonty</p>
<h3>Co zrobić, gdy uraża zamek lub końcówka łuku?</h3>
<p>Lekarz ortodonta przekaże specjalny silikon, który można nałożyć na drażniący element aparatu.</p>
<h3>Dlaczego krwawią dziąsła podczas leczenia stałym aparatem?</h3>
<p>Aparat stały nie uszkadza dziąseł. Krwawiące dziąsła są związane przede wszystkim z bardzo złym stanem higieny jamy ustnej.</p>
<h3>Jak szybko widać pierwsze efekty leczenia?</h3>
<p>Już na pierwszej wizycie kontrolnej widziane są pierwsze postępy lecznicze</p>
<h3>Jak często należy przychodzić na wizyty kontrolne?</h3>
<p>Przeważnie co sześć tygodni.</p>
<h3>Czy osoby dorosłe również mogą być leczone aparatem stałym?</h3>
<p>Osoby dorosłe również mogą być leczone aparatem stałym.</p>
<h3>Jakie są zalety zamków samoligaturujących (<a href="https://www.ormcoeurope.com/en/our-products/damon-system">Damon System</a>)?</h3>
<p>Jest to system beztarciowy działający niewielkimi siłami. Skraca się czas leczenia.</p>
<h3>Czy leczenie trzasków i bólów w obrębie stawu skroniowo &#8211; żuchwowego leży w gestii lekarza ortodonty?</h3>
<p>Tak, przede wszystkim.</p>
<h3>Czy istnieją aparaty o wysokich właściwościach estetycznych?</h3>
<p>Tak, np. aparaty typu <a href="https://www.ormcoeurope.com/en/our-products/inspire-ice">Inspire</a></p>
<h3>W jaki sposób czyścić zęby za pomocą nici dentystycznej podczas noszenia aparatu stałego?</h3>
<p style="text-align:center;display:block;overflow:hidden;clear:left">
        <a href="http://www.youtube.com/watch?v=2-f37ybRjD0?rel=0" target="_blank" alt="2-f37ybRjD0?rel=0" class="youtube">
        <img src="http://img.youtube.com/vi/2-f37ybRjD0?rel=0/0.jpg" width="90%" height="" />
        </a></p><script>loadYouTube();</script>
<h3>W jaki sposób myć zęby podczas noszenia aparatu stałego?</h3>
<p><p style="text-align:center;display:block;overflow:hidden;clear:left">
        <a href="http://www.youtube.com/watch?v=GUaCCBuaaA0?rel=0" target="_blank" alt="GUaCCBuaaA0?rel=0" class="youtube">
        <img src="http://img.youtube.com/vi/GUaCCBuaaA0?rel=0/0.jpg" width="90%" height="" />
        </a></p><script>loadYouTube();</script><br />
&nbsp;</p>
<p>&nbsp;</p>

<p>W jakim wieku rozpocząć leczenie ortodontyczne? Aby rozpocząć leczenie aparatem zdejmowanym powinny być wyrznięte zęby szóste i stałe siekacze. Do aparatu stałego potrzebne jest pełne stałe uzębienie. Jak należy się przygotować przed wizytą u ortodonty? Należy wyleczyć zęby zaatakowane próchnicą. Jak długo trwa przeciętne leczenie aparatem ortodontycznym? W przypadku leczenia aparatem zdejmowanym leczenie powinno trwać [&hellip;]</p>
